11692 is divided by 158?
0
What is the remainder when 1683 is divided by 33?
0
Calculate the remainder when 1387187 is divided by 1275.
1262
What is the remainder when 39475 is divided by 2077?
12
Calculate the remainder when 1509 is divided by 261.
204
Calculate the remainder when 16822 is divided by 227.
24
What is the remainder when 12143 is divided by 99?
65
What is the remainder when 1074963 is divided by 113?
107
What is the remainder when 594062 is divided by 443?
442
Calculate the remainder when 11924 is divided by 744.
20
What is the remainder when 3348 is divided by 146?
136
What is the remainder when 48834 is divided by 84?
30
What is the remainder when 32341 is divided by 8?
5
What is the remainder when 2512 is divided by 748?
268
Calculate the remainder when 16153 is divided by 591.
196
What is the remainder when 13722 is divided by 44?
38
Calculate the remainder when 7564 is divided by 114.
40
Calculate the remainder when 1788636 is divided by 1697.
1695
What is the remainder when 65659 is divided by 49?
48
What is the remainder when 40753 is divided by 224?
209
Calculate the remainder when 346940 is divided by 21.
20
What is the remainder when 18006 is divided by 81?
24
What is the remainder when 20142 is divided by 326?
256
What is the remainder when 147515 is divided by 147512?
3
Calculate the remainder when 732936 is divided by 104705.
1
Calculate the remainder when 105126 is divided by 29.
1
Calculate the remainder when 53747 is divided by 26870.
7
Calculate the remainder when 170903 is divided by 8.
7
What is the remainder when 32846 is divided by 37?
27
What is the remainder when 353984 is divided by 3612?
8
What is the remainder when 3128 is divided by 941?
305
Calculate the remainder when 6748 is divided by 34.
16
What is the remainder when 28404 is divided by 9466?
6
What is the remainder when 14043 is divided by 3500?
43
What is the remainder when 17712 is divided by 100?
12
What is the remainder when 4120 is divided by 2058?
4
What is the remainder when 82545 is divided by 89?
42
What is the remainder when 10559 is divided by 123?
104
What is the remainder when 7316 is divided by 492?
428
What is the remainder when 829 is divided by 423?
406
What is the remainder when 38109 is divided by 1022?
295
What is the remainder when 5022 is divided by 2199?
624
Calculate the remainder when 19612 is divided by 81.
10
Calculate the remainder when 16135 is divided by 57.
4
Calculate the remainder when 1508 is divided by 7.
3
What is the remainder when 3680 is divided by 1040?
560
What is the remainder when 588 is divided by 223?
142
What is the remainder when 61144 is divided by 1747?
1746
What is the remainder when 1295 is divided by 9?
8
Calculate the remainder when 81669 is divided by 84.
21
Calculate the remainder when 1007 is divided by 130.
97
Calculate the remainder when 501 is divided by 89.
56
What is the remainder when 112531 is divided by 40?
11
Calculate the remainder when 114196 is divided by 8779.
69
What is the remainder when 226105 is divided by 291?
289
Calculate the remainder when 5790 is divided by 521.
59
Calculate the remainder when 10949 is divided by 188.
45
What is the remainder when 9006 is divided by 117?
114
Calculate the remainder when 176567 is divided by 32.
23
Calculate the remainder when 161056 is divided by 53672.
40
What is the remainder when 1923 is divided by 1717?
206
Calculate the remainder when 2810 is divided by 1402.
6
What is the remainder when 129896 is divided by 27?
26
Calculate the remainder when 10956 is divided by 235.
146
What is the remainder when 177754 is divided by 404?
398
Calculate the remainder when 841 is divided by 261.
58
What is the remainder when 58226 is divided by 391?
358
Calculate the remainder when 153558 is divided by 10.
8
What is the remainder when 54901 is divided by 1275?
76
Calculate the remainder when 416115 is divided by 970.
955
What is the remainder when 99760 is divided by 33250?
10
What is the remainder when 431 is divided by 234?
197
Calculate the remainder when 141477 is divided by 1387.
3
Calculate the remainder when 31420 is divided by 2263.
2001
Calculate the remainder when 1565 is divided by 3.
2
Calculate the remainder when 78672 is divided by 447.
0
What is the remainder when 1534 is divided by 389?
367
What is the remainder when 32034 is divided by 51?
6
What is the remainder when 707 is divided by 684?
23
What is the remainder when 18590 is divided by 38?
8
Calculate the remainder when 959 is divided by 84.
35
What is the remainder when 152878 is divided by 105?
103
What is the remainder when 12321 is divided by 408?
81
Calculate the remainder when 100663 is divided by 36.
7
Calculate the remainder when 323 is divided by 49.
29
What is the remainder when 5118 is divided by 823?
180
What is the remainder when 2400 is divided by 591?
36
Calculate the remainder when 342979 is divided by 114311.
46
Calculate the remainder when 1685 is divided by 711.
263
Calculate the remainder when 41831 is divided by 934.
735
What is the remainder when 3809359 is divided by 5?
4
Calculate the remainder when 33612 is divided by 11201.
9
Calculate the remainder when 23242 is divided by 11602.
38
Calculate the remainder when 18773 is divided by 2345.
13
Calculate the remainder when 12847 is divided by 678.
643
Calculate the remainder when 252506 is divided by 27.
2
Calculate the remainder when 9271 is divided by 93.
64
What is the remainder when 356520 is divided by 1097?
1092
Calculate the remainder when 2034 is divided by 42.
18
What is the remainder when 43313 is divided by 380?
373
Calculate the remainder when 53297 is divided by 173.
13
Calculate the remainder when 68256 is divided by 74.
28
Calculate the remainder when 89345 is divided by 101.
61
Calculate the remainder when 91918 is divided by 978.
964
Calculate the remainder when 5379 is divided by 5304.
75
Calculate the remainder when 1074239 is divided by 12.
11
What is the remainder when 3682 is divided by 75?
7
What is the remainder when 82468 is divided by 23?
13
What is the remainder when 5410 is divided by 301?
293
Calculate the remainder when 748789 is divided by 424.
5
What is the remainder when 2324 is divided by 734?
122
Calculate the remainder when 112732 is divided by 174.
154
What is the remainder when 19553 is divided by 259?
128
What is the remainder when 9275 is divided by 80?
75
What is the remainder when 980 is divided by 21?
14
What is the remainder when 206 is divided by 11?
8
What is the remainder when 7812 is divided by 126?
0
What is the remainder when 58117 is divided by 23?
19
What is the remainder when 194297 is divided by 47?
46
What is the remainder when 1651 is divided by 87?
85
Calculate the remainder when 7748 is divided by 32.
4
What is the remainder when 16064 is divided by 8018?
28
What is the remainder when 166912 is divided by 55636?
4
What is the remainder when 13385 is divided by 68?
57
What is the remainder when 2446647 is divided by 25?
22
What is the remainder when 1989790 is divided by 658?
656
Calculate the remainder when 5003 is divided by 33.
20
Calculate the remainder when 17758 is divided by 5910.
28
What is the remainder when 23866 is divided by 324?
214
Calculate the remainder when 9413 is divided by 18.
17
Calculate the remainder when 27438 is divided by 980.
978
Calculate the remainder when 54004 is divided by 1544.
1508
Calculate the remainder when 10470 is divided by 80.
70
What is the remainder when 19555 is divided by 576?
547
Calculate the remainder when 186850 is divided by 26.
14
What is the remainder when 6834 is divided by 6?
0
Calculate the remainder when 5970 is divided by 1485.
30
Calculate the remainder when 11995 is divided by 2759.
959
What is the remainder when 663 is divided by 512?
151
Calculate the remainder when 225477 is divided by 37.
36
What is the remainder when 3489 is divided by 504?
465
What is the remainder when 99568 is divided by 31?
27
What is the remainder when 2123 is divided by 98?
65
Calculate the remainder when 1955887 is divided by 117.
115
What is the remainder when 52344 is divided by 123?
69
Calculate the remainder when 43669 is divided by 420.
409
What is the remainder when 456175 is divided by 39?
31
What is t